{"id":334,"date":"2016-05-01T19:43:53","date_gmt":"2016-05-01T17:43:53","guid":{"rendered":"https:\/\/sucrederme.com\/?post_type=product&#038;p=334"},"modified":"2024-12-05T22:32:26","modified_gmt":"2024-12-05T21:32:26","slug":"sucrederme-au-miel-300gr","status":"publish","type":"product","link":"https:\/\/sucrederme.com\/?product=sucrederme-au-miel-300gr","title":{"rendered":"Sucrederme au miel 300 gr"},"content":{"rendered":"<p>Le sucre \u00e0 \u00e9piler Sucrederme est un produit 100% \u00e9cologique, \u00e0 base de produits naturels. Il est efficace et enl\u00e8ve les poils m\u00eame les plus fins.<br \/>\nIl permet un gommage de la peau et laisse la peau lisse et douce pendant 3 a 5 semaines. Il est adapte a tous les types de peau m\u00eame les plus fragiles Il est pratique, ne n\u00e9cessite ni spatules, ni bandes.<br \/>\nIl est soluble dans l&#8217;eau, s&#8217;\u00e9limine par un simple rin\u00e7age et ne bouche pas les canalisations. Il est \u00e9conomique, un pot de 300 gr permet en moyenne quatre \u00e0 cinq \u00e9pilations compl\u00e8tes.<\/p>\n","protected":false},"excerpt":{"rendered":"<p>Le sucre \u00e0 \u00e9piler Sucrederme est un produit 100% \u00e9cologique, \u00e0 base de produits naturels. Il est efficace et enl\u00e8ve les poils m\u00eame les plus fins.<br \/>\nIl permet un gommage de la peau et laisse la peau lisse et douce pendant 3 a 5 semaines. Il est adapte a tous les types de peau m\u00eame les plus fragiles Il est pratique, ne n\u00e9cessite ni spatules, ni bandes.<br \/>\nIl est soluble dans l&#8217;eau, s&#8217;\u00e9limine par un simple rin\u00e7age et ne bouche pas les canalisations. Il est \u00e9conomique, un pot de 300 gr permet en moyenne quatre \u00e0 cinq \u00e9pilations compl\u00e8tes.<\/p>\n","protected":false},"featured_media":383,"comment_status":"open","ping_status":"closed","template":"","meta":{"ocean_post_layout":"","ocean_both_sidebars_style":"","ocean_both_sidebars_content_width":0,"ocean_both_sidebars_sidebars_width":0,"ocean_sidebar":"0","ocean_second_sidebar":"0","ocean_disable_margins":"enable","ocean_add_body_class":"","ocean_shortcode_before_top_bar":"","ocean_shortcode_after_top_bar":"","ocean_shortcode_before_header":"","ocean_shortcode_after_header":"","ocean_has_shortcode":"","ocean_shortcode_after_title":"","ocean_shortcode_before_footer_widgets":"","ocean_shortcode_after_footer_widgets":"","ocean_shortcode_before_footer_bottom":"","ocean_shortcode_after_footer_bottom":"","ocean_display_top_bar":"default","ocean_display_header":"default","ocean_header_style":"","ocean_center_header_left_menu":"0","ocean_custom_header_template":"0","ocean_custom_logo":0,"ocean_custom_retina_logo":0,"ocean_custom_logo_max_width":0,"ocean_custom_logo_tablet_max_width":0,"ocean_custom_logo_mobile_max_width":0,"ocean_custom_logo_max_height":0,"ocean_custom_logo_tablet_max_height":0,"ocean_custom_logo_mobile_max_height":0,"ocean_header_custom_menu":"0","ocean_menu_typo_font_family":"0","ocean_menu_typo_font_subset":"","ocean_menu_typo_font_size":0,"ocean_menu_typo_font_size_tablet":0,"ocean_menu_typo_font_size_mobile":0,"ocean_menu_typo_font_size_unit":"px","ocean_menu_typo_font_weight":"","ocean_menu_typo_font_weight_tablet":"","ocean_menu_typo_font_weight_mobile":"","ocean_menu_typo_transform":"","ocean_menu_typo_transform_tablet":"","ocean_menu_typo_transform_mobile":"","ocean_menu_typo_line_height":0,"ocean_menu_typo_line_height_tablet":0,"ocean_menu_typo_line_height_mobile":0,"ocean_menu_typo_line_height_unit":"","ocean_menu_typo_spacing":0,"ocean_menu_typo_spacing_tablet":0,"ocean_menu_typo_spacing_mobile":0,"ocean_menu_typo_spacing_unit":"","ocean_menu_link_color":"","ocean_menu_link_color_hover":"","ocean_menu_link_color_active":"","ocean_menu_link_background":"","ocean_menu_link_hover_background":"","ocean_menu_link_active_background":"","ocean_menu_social_links_bg":"","ocean_menu_social_hover_links_bg":"","ocean_menu_social_links_color":"","ocean_menu_social_hover_links_color":"","ocean_disable_title":"default","ocean_disable_heading":"default","ocean_post_title":"","ocean_post_subheading":"","ocean_post_title_style":"","ocean_post_title_background_color":"","ocean_post_title_background":0,"ocean_post_title_bg_image_position":"","ocean_post_title_bg_image_attachment":"","ocean_post_title_bg_image_repeat":"","ocean_post_title_bg_image_size":"","ocean_post_title_height":0,"ocean_post_title_bg_overlay":0.5,"ocean_post_title_bg_overlay_color":"","ocean_disable_breadcrumbs":"default","ocean_breadcrumbs_color":"","ocean_breadcrumbs_separator_color":"","ocean_breadcrumbs_links_color":"","ocean_breadcrumbs_links_hover_color":"","ocean_display_footer_widgets":"default","ocean_display_footer_bottom":"default","ocean_custom_footer_template":"0","omw_enable_modal_window":"enable"},"product_brand":[],"product_cat":[27],"product_tag":[],"class_list":{"0":"post-334","1":"product","2":"type-product","3":"status-publish","4":"has-post-thumbnail","6":"product_cat-sucrederme","8":"entry","9":"has-media","11":"first","12":"onbackorder","13":"shipping-taxable","14":"purchasable","15":"product-type-simple","16":"has-product-nav","17":"col","18":"span_1_of_3","19":"owp-content-center","20":"owp-thumbs-layout-horizontal","21":"owp-btn-normal","22":"owp-tabs-layout-horizontal","23":"has-no-thumbnails"},"_links":{"self":[{"href":"https:\/\/sucrederme.com\/index.php?rest_route=\/wp\/v2\/product\/334","targetHints":{"allow":["GET"]}}],"collection":[{"href":"https:\/\/sucrederme.com\/index.php?rest_route=\/wp\/v2\/product"}],"about":[{"href":"https:\/\/sucrederme.com\/index.php?rest_route=\/wp\/v2\/types\/product"}],"replies":[{"embeddable":true,"href":"https:\/\/sucrederme.com\/index.php?rest_route=%2Fwp%2Fv2%2Fcomments&post=334"}],"wp:featuredmedia":[{"embeddable":true,"href":"https:\/\/sucrederme.com\/index.php?rest_route=\/wp\/v2\/media\/383"}],"wp:attachment":[{"href":"https:\/\/sucrederme.com\/index.php?rest_route=%2Fwp%2Fv2%2Fmedia&parent=334"}],"wp:term":[{"taxonomy":"product_brand","embeddable":true,"href":"https:\/\/sucrederme.com\/index.php?rest_route=%2Fwp%2Fv2%2Fproduct_brand&post=334"},{"taxonomy":"product_cat","embeddable":true,"href":"https:\/\/sucrederme.com\/index.php?rest_route=%2Fwp%2Fv2%2Fproduct_cat&post=334"},{"taxonomy":"product_tag","embeddable":true,"href":"https:\/\/sucrederme.com\/index.php?rest_route=%2Fwp%2Fv2%2Fproduct_tag&post=334"}],"curies":[{"name":"wp","href":"https:\/\/api.w.org\/{rel}","templated":true}]}}